1 - (-62 + 100))?
-42
1 - 4 - (1174 + -1228)
51
34 - (-33 - (-30 - 44))
-7
(-1 - 4) + 12 + -22 + 13 - -6
4
14 - (-44 + 101 - -38)
-81
Calculate -1 + -17 - -11 - ((12 - 50) + -2 - -2).
31
Calculate (-53 - -58) + 6 + -2 + (-65 - -3).
-53
Calculate -31 + -20 - (946 - 1002).
5
(-49 - -45 - -47) + 8 + -5 + (-3 - 0)
43
Evaluate 22 + (-17 - (52 - 13)) - -41.
7
-53 - (-47 + 0 - 8)
2
11 + -4 + -32 - (11 - 0)
-36
61 - 61 - (-30 - 11)
41
2 + 0 + (-4 - 15) + (23 - 9)
-3
What is -14 + (9 - 7) + (29 - (5 + 10))?
2
Calculate -66 + 240 + -56 + -49 + 0.
69
31 - ((-417 - -62 - -364) + (-1 - (0 + 22)))
45
99 + 1 + 11 + 0 + -3 + (396 - 404)
100
1 - (26 + (37 - 52))
-10
-30 + (-21 - -20) + 40
9
What is the value of (104 - -10 - 118) + -77?
-81
((15 - (-14 - -21)) + -80 - 12) + -19
-103
77 + -67 + (1 - 45) + 25 + -30
-39
Calculate 10 + (-193 + 142 - (-2 - 5) - -14).
-20
Calculate (68 - 80) + (-5 - 21).
-38
130 + -124 + 17 + 13
36
Evaluate 6 + (70 - (34 + 38)).
4
2748 + -2793 - (-66 - 1)
22
What is 283 + -236 - ((4 - 20 - -7) + -4)?
60
What is -2 - (5 + (-5 - -5) - -35 - 5)?
-37
Calculate 71 + (-12 - (-66 - -82)).
43
Calculate 13 + 6 + -7 + (-1 - (-5 - -1)) + 63.
78
Evaluate 23 + -31 - (-2 - (-10 - (-5 - -10))).
-21
Evaluate -10 - (-16 + (-5 - (8 - (1 + -58) - 11))).
65
(-9 - -19) + 9 + -8 - -13
24
What is the value of 33 - (-12 - ((7 - 2) + 20 + -8 + -26))?
36
Evaluate -52 + (5 - (0 + 6 + 5 + -10)) - 6.
-54
-43 + (879 - 852) + 22 + 1
7
What is -7 + -3 - (-21 - -14 - (3 + -62)) - 7?
-69
Calculate -55 - (-19 + 1) - -17.
-20
89 + 1 + 0 + -46 + -115 + 167
96
What is the value of (219 + -205 - (-2 - -26)) + -48 - -6?
-52
Evaluate (0 - -43 - (-4653 - -4678)) + -1 + 20.
37
Evaluate 16 - (-21 + 2 + 1 + (-455 - -459)).
30
Evaluate (-2 - -29 - 5) + (-80 - -49).
-9
What is the value of 14 + (3 - (-9 + -18 + 22))?
22
Evaluate 124 - 129 - (5 + (-18 - (1 - -4))).
13
-9 + 81 + -52 + -4
16
Calculate 0 - -42 - ((-57 - (-42 - 23)) + -8 + 7).
35
What is 99 - (34 + -33 + 5 + 9)?
84
What is the value of -143 + 147 - (-1 - 3) - -1?
9
(-33 - (4 + -2)) + (179 - 200)
-56
What is the value of ((-3 - -23) + (11 - 33) - (-2 + -5)) + -105?
-100
What is (25 - -36) + -7 + (2 - (-5 + 2)) + -1?
58
Evaluate 40 - (-14 - -33) - (40 + (-19 - -19)).
-19
Evaluate (-7 - (-15 - -22)) + (-15 - (-15 - -3)).
-17
What is 6 + -8 - 21 - (734 + -871)?
114
What is (14 + -2 - 71) + -7 + 1 + (9 - 16)?
-72
Calculate 42 + -11 - ((1 - (-3 - -5)) + (8 - 2)).
26
2445 - 2513 - (-78 + 1)
9
What is the value of -2 + (-752 - -756) + (-11 - (2 + -1)) + -77?
-87
Evaluate (98 - 70) + 29 + (-17 - (3 - 6)).
43
What is 12 - (0 + -12 - (22 - 20) - -84)?
-58
33 - (13 + -2) - (13 + 25)
-16
What is 64 - (12 + -36) - (-1 + 30)?
59
Evaluate -3 - (-70 + -1 + 6) - (5 - 15).
72
What is the value of 5 - 1 - 2 - (0 - -36 - 3)?
-31
What is the value of 23 - 38 - -57 - -15?
57
Evaluate -11 - (-35 + 51 + (-85 - 0) - -6).
52
-1 - (-25 + 67 + -17)
-26
Calculate 4 + -4 + (6 - (-3 - 35)) + 11 + 8.
63
What is the value of 12 - (-14 - -1) - (3 + 13)?
9
What is the value of -28 + 24 + (9 - -1)?
6
Evaluate 92 + (-11 - ((2 - (17 - 3)) + (-5 - -18))).
80
Calculate 1 - (-3 + 6) - -3 - (-86 - -8) - 8.
71
What is 45 - 1 - (-30 + 95)?
-21
Evaluate -41 + -37 + (2 - 12) - -3 - 4.
-89
15 + (-66 + 17 + (13 - 5) - 15)
-41
(-19 - (17 - (-5 + 45))) + -12
-8
What is the value of -2 + 1 + 15 - ((-33 - -83) + -58)?
22
What is 83 + -96 + (4 - 1) + 13?
3
What is the value of 0 + (-31 - -1) + (17 - 14) + 3?
-24
-24 - (0 - (0 - 0)) - (-24965 - -24975)
-34
What is -39 - ((7 - (1 - (0 - 10))) + -5)?
-30
What is the value of (-1 - (-1 - -6)) + (59 - (5 - (-34 + -25)))?
-11
(-25 - (-56 + 8 + -3)) + -77
-51
(6 + -6 + -27 - -19) + (0 - -4 - 102)
-106
What is -117 - (-17 + (-3 + 12 - 3) + 0 + 10)?
-116
31 + (1 + -8 - (-14 - (-28 - -22)))
32
Evaluate -2 + (-6 - (-15 - -20)) + 10 - (85 + 1).
-89
What is the value of ((-6 - -1) + (44 - 1) - -1) + -3?
36
What is (-22 - -24 - 4 - 8) + -1 + -6?
-17
Calculate 7 - (-18 + 21 + -21 + 1).
24
5 + 7 + 44 - (-13 + -20 + 23)
66
Calculate (-135 - -122) + -1 + 28 + (-9 - -12).
17
-37 - ((-4 - -62) + -54)
-41
What is -70 + -3 + 13 - -36?
-24
Calculate -120 - (-23 + -3 + (19 - (-36 + 54)) - -13).
-108
What is 46 + (15 - 31 - -74)?
104
What is (2 - -10) + (-118 - -107) - -27?
28
What is 25 + ((26 - -19) + -31 - (2 + 2 + 2))?
33
1 + 0 - ((-43 - 3) + -28 + -8)
83
What is the value of (-270 - -246) + (15 - 5)?
-14
What is the value of -10 - ((114 - 29 - 22) + 1 + -2)?
-72
Calculate ((-41 - -5) + 11 - -38) + (1 - 5).
9
Calculate (-38 - (1 - 19)) + 20 + -4.
-4
What is 2 + -75 + 32 + 53 + -60?
-48
Calculate -53 - (-78 + 27 - -88).
-90
Calculate 0 - (-8 - -1) - (-21038 - -21082) - -3.
-34
What is 66 + -153 + 8 + -18?
-97
Calculate -941 + 948 - (-3 + 1 + -17).
26
Evaluate (110 - 82) + (4 - 12) + -50.
-30
Evaluate (-6 - (1 + -2)) + 52 + -41.
6
Calculate (27 - (-11 + -23 + 35)) + 60.
86
124 + (3 - 30 - (13 + -16 + -3))
103
What is the value of -1286 - -1245 - (0 - 65)?
24
What is (102 + -98 + (-1 - 7) - -6) + (2 - 1)?
3
Calculate -166 + 40 - -90 - (-103 - 5).
72
Calculate (27 - 13) + ((2 - 21) + 4 - -8) + -93.
-86
What is the value of 13 + 31 + (-24 - -8 - (0 + (0 - 7)))?
35
Calculate (-32 - -115) + 45 - 71.
57
What is the value of -18 - (-23 - (-111 - -31))?
-75
Evaluate (24 - (12 - -30) - -64) + (-3 - (-3 - 12)).
58
What is the value of -35 + (42 - 35) + 69?
41
Evaluate (10 - 4) + -1 - (84 - 20 - 61).
2
Calculate 51 + -16 + (18 + 1 - 15).
39
What is the value of 5 - (-78 + -15 - -101)?
-3
What is the value of 32 - (19 - 65 - -31)?
47
Calculate (1 + (0 - -2) - ((-46 - -19) + 33)) + -17.
-20
What is the value of (8 - (0 - 7)) + (-4 - 1 - 7)?
3
-10 + -15 - -36 - (19 - -20)
-28
26 + (100 - 119) - (0 + -2)
9
9 + (13 - 19) + 17 + -19 + -40 + -1
-40
What is (-3 - -2) + (23 - 18) + -10 - (26 - 34)?
2
What is the value of -17 - -7 - (-414 + 420)?
-16
What is the value of (-6 - 1) + (-76 - 74 - -45)?
-112
Evaluate -17 + -6 - (-73 - 3).
53
What is the value of 47 + (38 - (-69 - -102))?
52
(3 - 33) + (-55 + 118 - -1)
34
Calculate 6 + (-117 - -56) - -90.
35
What is -99 + (119 - (-121 + 55))?
86
Calculate (30 - -68) + -71 - 73.
-46
(1 - -11 - (-53 + 9 + -32)) + (-2 - 4)
82
Calculate -68 - -13 - (-104 + 68).
-19
What is (-41 + -3 - (-6 + 4)) + -14?
-56
What is (17 + 10 - (1 + 14)) + (-23 - -17)?
6
What is -23 - ((125 - 121) + -47 + 3)?
17
What is (-28 - (-101 - -32)) + -15?
26
What is (-27 + (7 - -55) - 42) + 22?
15
-24 - (-4 + -27 - -26) - -22
3
Evaluate 66 + (24 - 5) + -7 + -26 + 12.
64
Calculate (-8 - 8) + -9 + 13 + (33 - 1).
20
What is -3 - (2 + 1 + -8 - (-51 + 6 + 23))?
-20
Calculate -110 - (69 - 187) - (-27 + -3).
38
Calculate (-8 - 2) + 60 + 62 + -120.
-8
What is -100 + (0 - 5 - 4 - (-40 + -20 - -38))?
-87
Calculate 25 - ((-15 - (-8 - 8)) + -30).
54
What is the value of -2 - -15 - (-13 - (-5 - -1 - 85))?
-63
What is the value of 9 - (22 - (-8 - (-12 - -12))) - 8?
-29
Calculate (51 - 12) + (-33 - (79 + 19)).
-92
113 + 803 + -810 + 0 + 6 + (0 - 4)
108
What is 27 - 25 - (-6 + (-2 - -5) + 0 - -8)?
-3
What is (5903 - 5964) + 2 + 0?
-59
What is the value of (5 - (-16 - -2)) + 2 + -6?
15
(1 - ((4 - 1) + 7)) + (-4 - (-42 - 11))
40
What is 52 - (-91 + (226 - 70))?
-13
What is (34 + -24 - 24 - -3) + -66?
-77
Evaluate -20 + -5 + -3 + 15 + -27 + (22 - 1).
-19
What is 0 + 12 + (30 + -9 - 37) + (-13 - -3)?
-14
Evaluate 1 + 0 + 8 - (55 + 13 + (25 - 5)).
-79
-5 + -28 + -36 + 0 + -25
-94
Calculate -2 + (-2 - -2) + -16 + 10 + 25 + 5.
22
172 + -93 + -74 - 104
-99
What is -89 - -149 - (5 + (6 - 0))?
49
What is -39 - (-47 + 53) - -52?
7
Evaluate -15 + -9 + 37 + -10 + (-2 - (-1 + -47)).
49
Evaluate -70 + 67 + 35 - -23.
55
Calculate 65 + -11 + 0 + -7 + (4 - (0 + -2)).
53
What is the value of 6 - ((25 - 13) + (-10 - (7 + -30)))?
-19
-5 + (3 + -5 + (3 - 8) - (181 + -247))
54
Evaluate 21 + 18 - 108 - -56.
-13
(1 - (12 + -6)) + 30 + (-24 - (-4 - 34))
39
Calculate (7 - -3 - 24) + 55 + (15 - 11).
45
What is the value of -58 - (-19 + (-56 - -65))?
-48
What is -70 - (-70 - 4) - (0 + 2 + 26)?
-24
-33 + -157 + -125 + 420
105
Calculate -11 + -40 - ((-14 - -11) + -16).
-32
What is 16 + (-10 - (-1 - ((-11 - 0) + 8)))?
4
What is the value of -2466 + 2535 + (-1 + 0 - -5)?
73
What is 28036 - 2803